ue
Suppose 3 = 3*y, 0*d + 2*d = -3*y + 25. Suppose 9*m = d*m - 70. Suppose m*i = 30*i + 6805. Is i a composite number?
False
Is ((-10)/(-85) - 280/1224) + 353899/9 composite?
True
Let x = 36 - 33. Let i(o) = x - 55*o - 42*o - 7*o + o. Is i(-2) a composite number?
True
Let f(u) = 83*u - 16. Let y be ((-3)/(-2))/((-2)/36). Let r = y + 36. Is f(r) prime?
False
Let w(h) = 25*h**2 - 17*h + 26. Let x = -89 - -76. Let l be w(x). Let r = 7215 - l. Is r a composite number?
True
Suppose -52*r - 153*r + 1441765 = 0. Is r a prime number?
False
Let m(q) = -112*q - 1. Let i(x) = -5*x**2 + 4. Let l be i(2). Let c = l + 13. Is m(c) a composite number?
True
Let t = 3993 - 2048. Is t prime?
False
Suppose 5*u - 18 = -3*n + 24, -14 = -u - 2*n. Let j be u/2 - 7 - 1041. Let z = -56 - j. Is z composite?
True
Suppose 3*i - 2*i + 1584382 = 5*x, x - 2*i = 316871. Is x a prime number?
False
Suppose 23*t + 40 = 33*t. Suppose -6*n + 8*n - 13468 = 2*q, 0 = -t*n + 3*q + 26939. Is n prime?
True
Is (-4 + -640515)*(-78 + 77) a prime number?
False
Let w(x) = x**3 - 18*x**2 + 15*x + 44. Let r be w(17). Suppose -r*n + 11*n = 2771. Suppose 3*v + k - 2052 = 4*k, -4*v - 3*k + n = 0. Is v composite?
True
Let m = -69 - -71. Let x be (-16)/(-3) - ((-20)/12 + m). Suppose 0 = -5*s + 4*z + 287, s = x*z + 24 + 25. Is s composite?
False
Let q(h) = h**2 + 21*h - 4. Let p be q(-20). Let r = -36 - p. Let s(x) = x**3 + 13*x**2 - x + 21. Is s(r) a composite number?
True
Let i be (-4250708)/36 - (-12)/54. Is 8/((-40)/i) - -8 a composite number?
False
Let k(z) = 22836*z**2 - 19*z + 21. Is k(4) composite?
True
Suppose 0 = -5*u + 3*z + 450314, 3*u - 420718 = -5*z - 150550. Is u composite?
True
Let p(i) = -102*i + 61. Suppose d - 4*h - 28 = 0, 4*h + 0*h + 52 = 4*d. Let w be d*(-6 - (-8 + 4)). Is p(w) prime?
True
Suppose -s = -5*m - 5*s + 15411, 5*s = 2*m - 6171. Let r = m + 762. Is r composite?
True
Let d be 7*(0/6 - -3). Let j(w) = w**3 - 15*w**2 - 9*w + 6. Is j(d) prime?
False
Let c = -6500 + 9453. Let v = c + -957. Suppose -4*l + 754 = 2*b - v, -5*b - 15 = 0. Is l composite?
True
Suppose 0 = 187*w - 188*w + 68298. Suppose -w = -76*x + 70*x. Is x a composite number?
False
Suppose -g + 3*v + 76640 = 0, -5*g + 25*v = 28*v - 383182. Is g a prime number?
False
Let k be (-2)/(-1 + 4/12). Suppose k*c = -2*c + 2990. Suppose -25 - c = -v. Is v prime?
False
Let y(m) = -36*m - 319. Let q be y(-9). Suppose q*d + 3*r - 83083 = 0, 14 + 6 = -5*r. Is d prime?
True
Let w = 32 + -26. Suppose w*v = 7*v. Suppose -5*a = v, 2*y + a - 6*a = 1838. Is y a prime number?
True
Let l(b) = 0*b**3 + 8 + 10*b - 8*b**2 - 8*b**3 + 7*b**3. Let q be l(-9). Is (141 - q)*(45/10 - 4) a composite number?
False
Let z be 17759/28 + (-9)/(-12). Suppose -b = l + 173 - z, -4*l + 1860 = b. Suppose 0*j - l = -3*f + 2*j, 3*f + 5*j = 494. Is f a composite number?
True
Suppose -2*p + 5*p - 6 = 0. Suppose 14*q - 15*q - 3 = 0. Is 2 + (q - ((p - 0) + -676)) a prime number?
True
Let q(n) be the third derivative of 17*n**5/6 + 5*n**4/24 - 4*n**3/3 - 49*n**2. Is q(-7) a prime number?
True
Suppose -3 = -p, 0 = 2*b - 5*p - 1. Suppose -b = 2*w - 14. Suppose -v - 2 = 0, 263 = -4*j + 5*j + w*v. Is j a prime number?
True
Suppose 0 = -0*j + 4*j - 3680. Let r = 2702 + -1333. Let s = r - j. Is s a composite number?
False
Suppose 0 = -2*z - 3*m + 179915, 50324 + 39636 = z - m. Is z a composite number?
False
Let l(k) = 69*k**2 + 35*k + 19. Is l(20) composite?
False
Let h be 1*-2 - (-15 + 13). Suppose -4*n + 3*u + 8552 + 7227 = h, -4*u - 7902 = -2*n. Is n a prime number?
False
Suppose -33*v = -1024 - 2804. Let w = 56 + -5. Let z = v - w. Is z composite?
True
Let t(k) = -31*k**3 + k**2 - 5. Let w(n) = -92*n - 1. Let y be w(-1). Let j = y + -94. Is t(j) prime?
False
Suppose -v - 14 = 2*q, -4*v - 14 = -5*v + 5*q. Is v/(-16) + (-61971)/(-312) composite?
False
Suppose 0 = 2*a + 3*n - 47044, -a - 16*n = -21*n - 23561. Is a prime?
True
Suppose -434*f + 9789185 = -52313177. Is f composite?
False
Let s(g) = 536816*g**2 + 63*g - 1. Is s(1) a composite number?
True
Suppose 4*t - 4 = -4*j + 4, 4*t + 3*j = 4. Suppose 6*q - 14 = -122. Is t/q*6 + 705/9 composite?
False
Let j = -96248 + 175011. Is j prime?
False
Let u(x) = x + 9. Let q be u(0). Let j(b) = 10*b + 4*b + 147*b + 27*b + q. Is j(3) prime?
False
Suppose -3*j - 5*w + 5 = -15, 2*w - 8 = 0. Suppose -203*i + 210*i - 84049 = j. Is i prime?
True
Let v = -21920 - -59163. Is v composite?
False
Let s = -100100 - -443919. Is s prime?
False
Let f(v) = 6*v**3 - 25*v**2 - 54*v - 181. Is f(26) a composite number?
True
Suppose -m + 30 = 3*x, -5*x - 3*m + 24 + 26 = 0. Suppose x*f - 3*h = 15*f - 5429, 4*f = -5*h + 4338. Is f a composite number?
False
Is (-1)/(-5)*275/165*447969 composite?
False
Suppose -10*z + 2780533 - 183363 = 0. Is z prime?
True
Let h(v) = -13*v + 18. Suppose 0 = -5*a - 17 - 28. Let m(k) = 7*k - 9. Let c(t) = a*m(t) - 4*h(t). Is c(-8) a composite number?
False
Let o(y) be the third derivative of 0 - 1/15*y**6 - y**2 + 7/6*y**3 + 7/24*y**4 + 1/60*y**5 + 0*y. Is o(-3) a composite number?
False
Let t(f) = 183*f**2 - 92*f + 139. Is t(10) prime?
True
Let s = 4 - 9. Let a be -4 - (-2)/1 - s. Suppose -5*k = -a*x + 536 - 119, 0 = 2*k. Is x composite?
False
Suppose -27*t + 133325 = -446284. Is t prime?
True
Let z be (-2*(-1847)/(-4))/(55/110). Suppose -h + k = 2*h + 3148, 4*k + 2108 = -2*h. Let u = h - z. Is u a prime number?
True
Let d(x) = 36*x**3 + 34*x**2 + 60*x - 15. Is d(17) a prime number?
True
Suppose -5*c + 454385 = 6*q - q, 0 = 4*c + 2*q - 363508. Suppose 18*d + d - c = 0. Is d a prime number?
True
Is 733692/(-15)*(-1370)/1096 a prime number?
True
Is (-3)/(63944747/(-6394469) - -10) composite?
False
Let u(k) = k**3 - 13*k**2 + 21*k - 8. Suppose 2*y = -b + 11, 4*y - 3 = -5*b + 10. Suppose -y*n + 24 = -81. Is u(n) composite?
False
Is (-765)/(-120)*57730 + 20/16 + -1 a prime number?
True
Let i = 175 - 379. Let h = 418 + i. Is h a prime number?
False
Suppose 3*b + 5*x = 6, 0 = b + 16*x - 12*x - 2. Is ((-56361)/(-12) - 8/(-32)) + b a composite number?
True
Suppose 0 = -3*g, -3*g + 7*g = -4*i + 12. Suppose i*x + 1036 = 2*a + x, 0 = 4*a + x - 2087. Is a a composite number?
False
Let n = 312867 - -104944. Is n a composite number?
False
Suppose -5*k + 5*x + 10 = -5, 0 = 2*k - 3*x - 3. Let y be -48*k/((-18)/97). Let r = y + -917. Is r prime?
False
Let i = -3 + 6. Let c be (1 - -4268) + 4 + 63/(-7). Suppose i*x = 5225 + c. Is x a composite number?
False
Suppose 3416120 = 27*u + 16*u - 16140839. Is u composite?
True
Let z(k) = 6738*k - 907. Is z(27) prime?
True
Let t = -4 - -9. Suppose 2*v - 11 = -t, 5*v - 27 = 3*y. Is ((-5902)/(-4))/(y*3/(-24)) composite?
True
Let n(t) = 439*t**3 + t**2 - 5*t. Let p be n(3). Suppose 3*c - 8301 = -r, 2*r + p = 5*c - 1988. Is c a prime number?
True
Suppose 13010 + 3083 = 11*t. Suppose 2710 = 3*r - t. Is r prime?
False
Suppose 0 = -2*q - 90*d + 91*d + 345887, d = q - 172944. Is q a prime number?
False
Let c = 14268 + 297. Let m = c - 9536. Is m prime?
False
Let c be 1/2 - 14/(-4). Suppose -2*z + 59 = -3*b + 9, 0 = -5*z + 2*b + 147. Suppose -l = w - 91, -c*w - z = -l + 60. Is l a prime number?
False
Let o = -105 + 92. Let u(p) = -125*p + 32. Is u(o) composite?
False
Let o = 51460 - 13755. Is o a composite number?
True
Let t = 34 + -33. Let k(l) = 313*l - 3. Let j be k(t). Is -3 + j - 0/1 a composite number?
False
Let m = -36909 + 71428. Is m prime?
True
Let m(j) be the third derivative of j**5/20 - j**4/4 + 119*j**3/6 - 39*j**2. Is m(32) prime?
True
Let j = 45401 + -31559. Suppose 5*m - 17423 = -3*p, 5*m + 2*p - 3585 = j. Is m a prime number?
False
Let m(q) = 10*q**2 + 6*q - 1. Let r be m(-1). Let n(h) be the second derivative of 59*h**4/12 - 2*h**3/3 + h**2 - h. Is n(r) prime?
True
Suppose -5*z - 14829 = -1344. Let d = -1534 - z. Is d composite?
False
Suppose -4*r + 4*c + 16 = 0, r - 12 - 2 = -4*c. Let f(l) = 7*l**3 + 6*l**2 - 8*l - 7. Is f(r) a composite number?
True
Let h(c) = 9*c + 12618. Let s be h(0). Suppose 4*i = 2*q + s, -4*q = i - 2151 - 1008. Suppose -i + 1176 = -y. Is y a prime number?
True
Let u be (-12 + 11890/15)/((-2)/(-81)). Let f = u - 13604. Is f composite?
False
Let w = 156996 - 76363. Is w a composite number?
True
Suppose -351 = -5*b - 4*b. Suppose 0 = b*d - 197610 - 232